 units digit of 1343?
3
What is the units digit of 8105?
5
What is the ten thousands digit of 34135?
3
What is the ten thousands digit of 35045?
3
What is the thousands digit of 79483?
9
What is the tens digit of 8836?
3
What is the hundreds digit of 2226?
2
What is the hundreds digit of 1300?
3
What is the tens digit of 471?
7
What is the hundreds digit of 7059?
0
What is the units digit of 46049?
9
What is the tens digit of 241?
4
What is the thousands digit of 114827?
4
What is the units digit of 13944?
4
What is the hundreds digit of 91409?
4
What is the tens digit of 1032?
3
What is the units digit of 31772?
2
What is the thousands digit of 11112?
1
What is the units digit of 291?
1
What is the ten thousands digit of 47403?
4
What is the ten thousands digit of 11096?
1
What is the units digit of 352?
2
What is the hundreds digit of 7326?
3
What is the hundreds digit of 141125?
1
What is the units digit of 177930?
0
What is the hundreds digit of 2488?
4
What is the hundreds digit of 1654?
6
What is the units digit of 31?
1
What is the units digit of 606?
6
What is the tens digit of 707?
0
What is the thousands digit of 144287?
4
What is the units digit of 3545?
5
What is the ten thousands digit of 84754?
8
What is the tens digit of 4433?
3
What is the units digit of 107565?
5
What is the units digit of 30131?
1
What is the hundreds digit of 142242?
2
What is the hundreds digit of 4810?
8
What is the hundreds digit of 34409?
4
What is the hundreds digit of 13626?
6
What is the thousands digit of 20443?
0
What is the tens digit of 4531?
3
What is the thousands digit of 14951?
4
What is the thousands digit of 116221?
6
What is the thousands digit of 53885?
3
What is the tens digit of 36473?
7
What is the hundreds digit of 2519?
5
What is the tens digit of 1863?
6
What is the units digit of 47768?
8
What is the thousands digit of 1684?
1
What is the thousands digit of 8619?
8
What is the tens digit of 2737?
3
What is the tens digit of 20908?
0
What is the tens digit of 41636?
3
What is the tens digit of 34759?
5
What is the tens digit of 833?
3
What is the thousands digit of 13096?
3
What is the units digit of 3951?
1
What is the thousands digit of 5409?
5
What is the hundreds digit of 76727?
7
What is the tens digit of 24519?
1
What is the ten thousands digit of 49119?
4
What is the hundreds digit of 5554?
5
What is the units digit of 816?
6
What is the thousands digit of 24619?
4
What is the tens digit of 2032?
3
What is the hundreds digit of 4266?
2
What is the tens digit of 3907?
0
What is the thousands digit of 43421?
3
What is the tens digit of 90788?
8
What is the thousands digit of 2920?
2
What is the hundreds digit of 1196?
1
What is the thousands digit of 77000?
7
What is the tens digit of 20911?
1
What is the units digit of 64089?
9
What is the hundreds digit of 26035?
0
What is the units digit of 27596?
6
What is the tens digit of 792?
9
What is the thousands digit of 4660?
4
What is the hundreds digit of 4831?
8
What is the hundreds digit of 298?
2
What is the units digit of 62070?
0
What is the units digit of 710?
0
What is the thousands digit of 14312?
4
What is the hundreds digit of 860?
8
What is the hundreds digit of 13722?
7
What is the hundreds digit of 15083?
0
What is the hundred thousands digit of 179595?
1
What is the thousands digit of 7968?
7
What is the tens digit of 1165?
6
What is the units digit of 4420?
0
What is the units digit of 777?
7
What is the ten thousands digit of 32556?
3
What is the tens digit of 3640?
4
What is the tens digit of 143703?
0
What is the units digit of 212?
2
What is the tens digit of 52288?
8
What is the tens digit of 9922?
2
What is the hundreds digit of 29693?
6
What is the tens digit of 8757?
5
What is the thousands digit of 2390?
2
What is the units digit of 1519?
9
What is the thousands digit of 7658?
7
What is the units digit of 10045?
5
What is the thousands digit of 36815?
6
What is the units digit of 562?
2
What is the thousands digit of 8203?
8
What is the hundreds digit of 10834?
8
What is the thousands digit of 1255?
1
What is the units digit of 1428?
8
What is the units digit of 2761?
1
What is the units digit of 341?
1
What is the units digit of 543?
3
What is the units digit of 27704?
4
What is the hundreds digit of 180?
1
What is the tens digit of 33?
3
What is the hundreds digit of 80634?
6
What is the ten thousands digit of 38174?
3
What is the hundred thousands digit of 151075?
1
What is the units digit of 4772?
2
What is the units digit of 28?
8
What is the tens digit of 10288?
8
What is the units digit of 992?
2
What is the hundreds digit of 56609?
6
What is the units digit of 203514?
4
What is the thousands digit of 1844?
1
What is the hundreds digit of 101250?
2
What is the ten thousands digit of 172762?
7
What is the ten thousands digit of 12634?
1
What is the units digit of 611?
1
What is the thousands digit of 23991?
3
What is the hundreds digit of 12377?
3
What is the units digit of 3512?
2
What is the thousands digit of 37263?
7
What is the tens digit of 931?
3
What is the units digit of 892?
2
What is the tens digit of 142623?
2
What is the units digit of 11716?
6
What is the ten thousands digit of 15042?
1
What is the tens digit of 143?
4
What is the units digit of 12925?
5
What is the tens digit of 501?
0
What is the units digit of 13363?
3
What is the hundreds digit of 71918?
9
What is the tens digit of 35?
3
What is the tens digit of 1877?
7
What is the hundreds digit of 12435?
4
What is the hundreds digit of 56338?
3
What is the units digit of 388?
8
What is the hundreds digit of 19240?
2
What is the thousands digit of 11876?
1
What is the thousands digit of 23853?
3
What is the thousands digit of 2610?
2
What is the tens digit of 16958?
5
What is the hundreds digit of 10070?
0
What is the tens digit of 4497?
9
What is the ten thousands digit of 156019?
5
What is the units digit of 51070?
0
What is the tens digit of 3750?
5
What is the hundreds digit of 852?
8
What is the tens digit of 64086?
8
What is the units digit of 12581?
1
What is the tens digit of 65574?
7
What is the units digit of 84946?
6
What is the thousands digit of 2607?
2
What is the thousands digit of 1667?
1
What is the thousands digit of 10174?
0
What is the hundreds digit of 37643?
6
What is the tens digit of 491?
9
What is the thousands digit of 102116?
2
What is the hundreds digit of 27642?
6
What is the thousands digit of 1622?
1
What is the ten thousands digit of 10866?
1
What is the hundreds digit of 1247?
2
What is the tens digit of 8055?
5
What is the units digit of 1189?
9
What is the tens digit of 453?
5
What is the units digit of 758?
8
What is the thousands digit of 23732?
3
What is the tens digit of 12021?
2
What is the thousands digit of 92239?
2
What is the thousands digit of 1645?
1
What is the units digit of 1568?
8
What is the units digit of 54268?
8
What is the thousands digit of 62039?
2
What is the hundreds digit of 851?
8
What is the hundreds digit of 578?
5
What is the units digit of 14355?
5
What is the hundreds digit of 70075?
0
What is the hundreds digit of 7430?
4
What is the units digit of 19188?
8
What is the tens digit of 50832?
3
What is the tens digit of 2811?
1
What is the hundreds digit of 2880?
8
What is the thousands digit of 1995?
1
What is the tens digit of 4959?
5
What is the hundreds digit of 77025?
0
What is the units digit of 8853?
3
What is the ten thousands digit of 36992?
3
What is the hundreds digit of 7568?
5
What is the thousands digit of 9071?
9
What is the hundred thousands digit of 122607?
1
What is the tens digit of 1675?
7
What is the hundreds digit of 856?
8
What is the tens digit of 776?
7
What is the tens digit of 1592?
9
What is the thousands digit of 10296?
0
What is the thousands digit of 18990?
8
What is the hundreds digit of 76084?
0
What is the ten thousands digit of 54277?
5
What is the tens digit of 447?
4
What is the units digit of 3276?
6
What is the units digit of 26092?
2
What is the thousands digit of 15362?
5
What is the ten thousands digit of 16668?
1
What is the ten thousands digit of 24094?
2
What is the tens digit of 2567?
6
What is the hundreds digit of 991?
9
What is the tens digit of 2651?
5
What is the u